{"version":"1.0","provider_name":"Karl-Magnus Spiik","provider_url":"https:\/\/spiik.fi\/kms","title":"Muutosvastarinta ei ole asennevamma - Karl-Magnus Spiik","type":"rich","width":600,"height":338,"html":"<blockquote class=\"wp-embedded-content\" data-secret=\"PDJGgjs3dY\"><a href=\"https:\/\/spiik.fi\/kms\/2014\/12\/04\/muutosvastarinta-ei-ole-asennevamma\/\">Muutosvastarinta ei ole asennevamma<\/a><\/blockquote><iframe sandbox=\"allow-scripts\" security=\"restricted\" src=\"https:\/\/spiik.fi\/kms\/2014\/12\/04\/muutosvastarinta-ei-ole-asennevamma\/embed\/#?secret=PDJGgjs3dY\" width=\"600\" height=\"338\" title=\"&#8221;Muutosvastarinta ei ole asennevamma&#8221; &#8212; Karl-Magnus Spiik\" data-secret=\"PDJGgjs3dY\" frameborder=\"0\" marginwidth=\"0\" marginheight=\"0\" scrolling=\"no\" class=\"wp-embedded-content\"><\/iframe><script type=\"text\/javascript\">\n\/* <![CDATA[ *\/\n\/*! This file is auto-generated *\/\n!function(d,l){\"use strict\";l.querySelector&&d.addEventListener&&\"undefined\"!=typeof URL&&(d.wp=d.wp||{},d.wp.receiveEmbedMessage||(d.wp.receiveEmbedMessage=function(e){var t=e.data;if((t||t.secret||t.message||t.value)&&!\/[^a-zA-Z0-9]\/.test(t.secret)){for(var s,r,n,a=l.querySelectorAll('iframe[data-secret=\"'+t.secret+'\"]'),o=l.querySelectorAll('blockquote[data-secret=\"'+t.secret+'\"]'),c=new RegExp(\"^https?:$\",\"i\"),i=0;i<o.length;i++)o[i].style.display=\"none\";for(i=0;i<a.length;i++)s=a[i],e.source===s.contentWindow&&(s.removeAttribute(\"style\"),\"height\"===t.message?(1e3<(r=parseInt(t.value,10))?r=1e3:~~r<200&&(r=200),s.height=r):\"link\"===t.message&&(r=new URL(s.getAttribute(\"src\")),n=new URL(t.value),c.test(n.protocol))&&n.host===r.host&&l.activeElement===s&&(d.top.location.href=t.value))}},d.addEventListener(\"message\",d.wp.receiveEmbedMessage,!1),l.addEventListener(\"DOMContentLoaded\",function(){for(var e,t,s=l.querySelectorAll(\"iframe.wp-embedded-content\"),r=0;r<s.length;r++)(t=(e=s[r]).getAttribute(\"data-secret\"))||(t=Math.random().toString(36).substring(2,12),e.src+=\"#?secret=\"+t,e.setAttribute(\"data-secret\",t)),e.contentWindow.postMessage({message:\"ready\",secret:t},\"*\")},!1)))}(window,document);\n\/\/# sourceURL=https:\/\/spiik.fi\/kms\/wp-includes\/js\/wp-embed.min.js\n\/* ]]> *\/\n<\/script>\n","description":"Kauppalehdess\u00e4 17.11.2014 oli ytimek\u00e4s kirjoitus \u201dMuutosvastarinta ei ole asennevamma\u201d. Se on normaalia ihmisen reaktioita ulkoap\u00e4in tuleviin muutoksiin, joihin on pakko sopeutua. Ihmisest\u00e4 itsest\u00e4\u00e4n l\u00e4htev\u00e4t muutokset sen sijaan ovat innostavia ja haastavia. Liian usein syytet\u00e4\u00e4n henkil\u00f6st\u00f6\u00e4 muutosvastarinnasta, kun johdon pit\u00e4isi katsoa peiliin ja arvioida kriittisemmin tavat, joilla muutokset toteutetaan. Monet pit\u00e4v\u00e4t muutoksista, toiset suorastaan rakastavat. Saa [&hellip;]"}

Kauppalehdessä 17.11.2014 oli ytimekäs kirjoitus ”Muutosvastarinta ei ole asennevamma”. Se on normaalia ihmisen reaktioita ulkoapäin tuleviin muutoksiin, joihin on pakko sopeutua. Ihmisestä itsestään lähtevät muutokset sen sijaan ovat innostavia ja haastavia. Liian usein syytetään henkilöstöä muutosvastarinnasta, kun johdon pitäisi katsoa peiliin ja arvioida kriittisemmin tavat, joilla muutokset toteutetaan. Monet pitävät muutoksista, toiset suorastaan rakastavat. Saa [&hellip;]
